 What is the remainder when g(-9) is divided by 25?
22
Let n be (-1 + (-14)/6)*36/6. Let t = 34 + n. What is the remainder when 26 is divided by t?
12
Let q = -86 + 160. Let w(a) = 3*a + 1. Calculate the remainder when q is divided by w(6).
17
Suppose -5*x = 4*z - 319, 0*z = 2*z - 4*x - 140. What is the remainder when z is divided by 35?
6
Let j = -19 + 23. Suppose f - 3*k + 24 + 130 = 0, 3*f - j*k = -467. Let l = f + 236. Calculate the remainder when l is divided by 20.
19
Suppose -4*i - 12 = -36. What is the remainder when 1 + 0 + -5 - -68 is divided by i?
4
Let d(q) = 14*q + 3 - q**2 - 5 + 17. Calculate the remainder when d(12) is divided by 20.
19
Let f = 43 + 5. Suppose -x - 2*x + 2*v + 116 = 0, x - 3*v = f. Let i(l) = 19*l. What is the remainder when x is divided by i(1)?
17
Let j(y) = 49*y + 156. Calculate the remainder when 753 is divided by j(-3).
6
Let m(a) = -a - 3. Let z be m(-7). Let u be 14/(2 + z/(-3)). What is the remainder when (-2 - u/(-1)) + -1 is divided by 7?
4
Let a = -251 + 301. Let f = -11 - -23. Let n = f + 1. Calculate the remainder when a is divided by n.
11
Let f = 233 - -677. Calculate the remainder when f is divided by 76.
74
Let k be (-2)/4 + 156/8. Let j = k - 2. What is the remainder when j is divided by (20/3)/(12/18)?
7
Let i(n) = n**2 - 2*n - 3. Let z = -12 + 20. Let p = -302 + 326. What is the remainder when i(z) is divided by p?
21
Let b = -48 - -75. Let u(k) = -49*k - 8. What is the remainder when u(-4) is divided by b?
26
Let b(h) = -h**3 - 2*h**2 - h + 3. Let j be b(-2). Let k = -20 - -42. Suppose j*o - k - 3 = 0. What is the remainder when 14 is divided by o?
4
Suppose 0 = -3*l + 7*l - 24. Let g(f) be the second derivative of -f**4/12 + f**3 + 3*f**2/2 + 6*f. What is the remainder when 8 is divided by g(l)?
2
Let h(q) = 2 - 5 - q + 3*q. What is the remainder when h(25) is divided by 13?
8
Suppose 28*g = 18*g + 30. What is the remainder when 11 is divided by g?
2
Suppose 136 = 4*b + 4*c, 3*c + 18 + 8 = b. What is the remainder when b is divided by 9?
5
Let j be 0*(5 + (-16)/3). Suppose -2*d + 3*d - 65 = j. Calculate the remainder when d is divided by 18.
11
Suppose -4*r = -9 + 1. Suppose 4*w + 4*g = 0, -r - 6 = -4*g. Calculate the remainder when (348/9)/(w/(-3)) is divided by 20.
18
Let q(i) = -i**3 + 6*i**2 - i - 17. Let p be q(5). Suppose p*d - 10*d + 126 = 0. Calculate the remainder when 33 is divided by d.
15
Let d = -489 - -499. Let l = -167 - -262. Let y = l + -66. What is the remainder when y is divided by d?
9
Let q(c) = c**2 - c - 2. Let t(s) = -2*s + 2. Let i be t(0). What is the remainder when q(-3) is divided by (i - (-5)/(-2))*-10?
0
Suppose 0 = -g + 1 - 5, 4*p + g - 24 = 0. Suppose 5*i = -5*l + 90, 4*i - 5*l - 33 = 75. What is the remainder when i is divided by p?
1
Suppose 0 = -9*u + 175 - 58. Let b be -2 - 1/(3/(-9)). Calculate the remainder when (13*4)/b - 2 is divided by u.
11
Let j(k) be the third derivative of 1/6*k**3 + 0*k - 1/24*k**4 - 5*k**2 + 2/15*k**5 + 0. Calculate the remainder when j(2) is divided by 17.
14
Suppose 0 = 8*v - 46 - 634. What is the remainder when 170 is divided by v?
0
Suppose -5*o + 24 = -2*o. Calculate the remainder when (2*(4 + -5))/((-12)/102) is divided by o.
1
Suppose 3*d + v = 517, -2*d - 6*v + 7*v + 353 = 0. What is the remainder when d is divided by 59?
56
Let q = -80 - -109. What is the remainder when q is divided by 6?
5
Suppose 26*o = 23*o. Suppose u - 2*q - 45 = o, -2*u + 5 + 76 = -q. Calculate the remainder when u is divided by 4/6 - (-58)/3.
19
Let u be 4/(-14) + 148/28. Suppose -3*g + 102 = 3*d, -5*g = 5*d - 4*g - 178. Let w = u + d. Calculate the remainder when w is divided by 14.
13
Let l = -27 - -30. Suppose -p + l + 0 = 0, 2*p + 3 = b. Calculate the remainder when 25 is divided by b.
7
Let t be 3/(81/24 + -3). Suppose -3*z + t = -154. Suppose 0 = 5*w - z - 21. Calculate the remainder when w is divided by 8.
7
Let u = 16 - -3. Suppose 3611 - 3881 = -5*p. Calculate the remainder when p is divided by u.
16
Let w = 137 + -118. What is the remainder when 185 is divided by w?
14
Let z(n) = n**2 - 23*n + 189. What is the remainder when z(14) is divided by 6?
3
Let b(p) = p**2 - 8*p - 1. Let o be b(9). Let w(k) be the third derivative of 5*k**4/24 - 5*k**3/2 + 2*k**2. What is the remainder when w(o) is divided by 9?
7
Let i(n) = n**2 - 3*n + 2. Let k be i(3). Suppose f + 0 = k. Suppose -2*m - 6 = 3*d - 5*m, 3*d = -m + 14. What is the remainder when d is divided by f?
1
Let i(d) = -d**2 + 9*d + 15. Let o be 9 + -9 + 11 + -1. Calculate the remainder when 8 is divided by i(o).
3
Let b(v) = -9*v**2 - 1. Let m be b(-1). Let t(l) = -2*l + 6. Let c be t(-4). Calculate the remainder when 20 is divided by c*(m/4 - -3).
6
What is the remainder when 289 is divided by -3 + 24 + (5 - 5)?
16
Suppose -2*v - 6 = -2*j + 22, 2*j - 13 = -3*v. Let a = -3 + 63. Suppose -3*d + 5*d - a = 0. What is the remainder when d is divided by j?
8
Suppose 232 = -2*j + 970. Calculate the remainder when j is divided by 5.
4
Let c be 5/10 + 21/2. Let k(q) = 4*q + 4. Calculate the remainder when k(c) is divided by 18.
12
Suppose 0 = -5*x + 4*u - 136 - 23, 4 = 4*u. What is the remainder when 47 is divided by (-2)/2 + 10 + (-93)/x?
11
Let i = -117 - -123. Suppose n + o - 47 = 0, 0 = 2*o - 0*o + i. Calculate the remainder when n is divided by 6.
2
Let i be (-4)/(-1 + (-147)/(-153)). Suppose -2*v = -2*j - 38 - i, 305 = 4*v + j. What is the remainder when v is divided by 26?
23
Let m(o) = 2*o**3 + 17*o**2 + 18*o - 16. What is the remainder when m(-7) is divided by (7 - -1)/(2/1)?
1
Let a(q) = q**3 + 17*q**2 - q - 6. Let g be a(-17). Let n(f) = 6*f - 17. Calculate the remainder when 194 is divided by n(g).
47
Suppose -15 = -3*g + 2*g. Suppose 0 = 3*a + 2*a - g. Calculate the remainder when 61 is divided by (-14 - 0)*a/(-2).
19
Suppose 2 = -3*h - 5*w, 2*h = -2*h - w + 3. Suppose 2*t - 16 = -2*x, 5*x - 11 = 2*t - 6. Calculate the remainder when x is divided by h.
0
Let y = -59 - -36. Let z = 43 + y. What is the remainder when 78 is divided by z?
18
Let s be 14/21 + (-4)/6. Suppose 5*w - 10*w + 95 = s. Calculate the remainder when 75 is divided by w.
18
Suppose -2*y = 4*y - 24. What is the remainder when 57 is divided by (26/(-5) + y)/((-9)/30)?
1
Suppose -134 = -j + 2*g, -5*g - 16 + 1 = 0. What is the remainder when 3 + 1 + j - 3 is divided by 44?
41
Calculate the remainder when 119 is divided by (-2 - -3)/(((-5)/(-5))/25).
19
Suppose 7*d - 150 = d. Suppose -k = 3*g - 50, 0 = -2*k + g + d + 103. What is the remainder when k is divided by 11?
7
Let f(h) = -39*h + 36. Calculate the remainder when 367 is divided by f(-1).
67
Let n(j) = j**2 - 6*j + 4. Let a(s) = -s**2 - 11*s - 13. Let y be a(-9). Let i be n(y). What is the remainder when 133 is divided by i/(-7) - 1185/(-35)?
31
Suppose 0 = -s - 8*s + 144. Suppose s*m = 13*m + 30. Calculate the remainder when 29 is divided by m.
9
Let f = 209 + -63. Let c(i) = -i**3 - 3*i**2 - 2*i - 11. Calculate the remainder when f is divided by c(-5).
48
Suppose 0 = 4*h - 385 - 263. What is the remainder when h is divided by 89?
73
Suppose -8*h + 17 = -7. What is the remainder when (2/5)/((-6)/(-75)) is divided by h?
2
Let v(x) = -3*x - 20. Let h(q) = 14*q + 101. Let j(s) = 2*h(s) + 11*v(s). Calculate the remainder when 32 is divided by j(-6).
8
Let q(d) = 3*d**2 - 35*d - 103. What is the remainder when q(18) is divided by 23?
9
Let f = -54 - -30. Let j be (-1 - -1)*12/f. Let u(r) = -r + 3. Calculate the remainder when u(j) is divided by 2.
1
Let i be 0/(0 + (-4 - -7)). Let y(w) = 2*w + 6. What is the remainder when y(i) is divided by 5?
1
Let c be ((-4)/4)/(3/(-111)). Let p = 41 - c. Suppose 3*a - 5*r - 67 = 0, -2*r + 22 + 24 = p*a. What is the remainder when 38 is divided by a?
10
Suppose 0 = 11*b - 14*b + 30. Suppose 65 = 5*w - b*w. Let l(i) = -i - 7. What is the remainder when 21 is divided by l(w)?
3
Let j(p) = 65*p - 32 + 61*p - 116*p. Let n(c) = 12*c**2 + 3*c - 3. What is the remainder when n(2) is divided by j(5)?
15
Let g(t) = t**2 + 14*t + 55. Calculate the remainder when g(-8) is divided by 3.
1
Suppose -4*u = 24 - 300. Let n(p) = -p**2 - p + 1. Let i(m) = -19*m**2 + 5*m - 4. Let y(g) = -i(g) - 4*n(g). Calculate the remainder when u is divided